{"id":6400,"date":"2024-09-19T18:41:25","date_gmt":"2024-09-19T16:41:25","guid":{"rendered":"https:\/\/www.jcbechet.com\/?page_id=6400"},"modified":"2025-04-11T23:50:23","modified_gmt":"2025-04-11T21:50:23","slug":"african-memories","status":"publish","type":"page","link":"https:\/\/www.jcbechet.com\/?page_id=6400","title":{"rendered":"African Memories"},"content":{"rendered":"\n<p><\/p>\n\n\n\n<figure class=\"wp-block-image size-large\"><a href=\"https:\/\/www.jcbechet.com\/wp-content\/uploads\/2024\/09\/Mp_African-Memories_Couv_Ext_02-copie-1-1.jpg\"><img loading=\"lazy\" decoding=\"async\" width=\"1024\" height=\"619\" src=\"https:\/\/www.jcbechet.com\/wp-content\/uploads\/2024\/09\/Mp_African-Memories_Couv_Ext_02-copie-1-1-1024x619.jpg\" alt=\"\" class=\"wp-image-6405\" srcset=\"https:\/\/www.jcbechet.com\/wp-content\/uploads\/2024\/09\/Mp_African-Memories_Couv_Ext_02-copie-1-1-1024x619.jpg 1024w, https:\/\/www.jcbechet.com\/wp-content\/uploads\/2024\/09\/Mp_African-Memories_Couv_Ext_02-copie-1-1-300x181.jpg 300w, https:\/\/www.jcbechet.com\/wp-content\/uploads\/2024\/09\/Mp_African-Memories_Couv_Ext_02-copie-1-1-768x464.jpg 768w, https:\/\/www.jcbechet.com\/wp-content\/uploads\/2024\/09\/Mp_African-Memories_Couv_Ext_02-copie-1-1-1536x928.jpg 1536w, https:\/\/www.jcbechet.com\/wp-content\/uploads\/2024\/09\/Mp_African-Memories_Couv_Ext_02-copie-1-1.jpg 1767w\" sizes=\"(max-width: 1024px) 100vw, 1024px\" \/><\/a><\/figure>\n\n\n\n<p class=\"has-text-color has-link-color has-medium-font-size wp-elements-5fa939da9c426005dd70bfba183deaaf\" style=\"color:#957315\"><br><strong>\u00ab\u00a0AFRICAN MEMORIES\u00a0\u00bb <br>aux \u00e9ditions Loco <br>144 Pages \/ 108 photos  = 45 Euros <br>\u00c9dition avec un tirage limit\u00e9 et sign\u00e9 : 160E <br>\u00c9dition Collector en coffret avec calques et tirage limit\u00e9 sign\u00e9 : 260 E<\/strong><\/p>\n\n\n\n<p><strong>Cameroun, Mali, Niger, Burkina Faso, Nig\u00e9ria, Alg\u00e9rie&#8230;&nbsp;<\/strong>Dans cette \u0153uvre intimement personnelle, je revisite, trente-cinq ans plus tard, mes premiers pas de jeune photographe.&nbsp;<\/p>\n\n\n\n<figure class=\"wp-block-image\"><img decoding=\"async\" src=\"https:\/\/s3-eu-west-1.amazonaws.com\/com.ulule.media\/presales\/6\/9\/0\/6\/8\/1\/186096\/038.BRxp02Vp5I.jpg\" alt=\"\"\/><\/figure>\n\n\n\n<p>Cette p\u00e9riode intense de trois ans, que j&rsquo;ai surnomm\u00e9e <strong>\u00ab mes ann\u00e9es africaines \u00bb<\/strong>, aurait pu se concr\u00e9tiser dans un premier livre, il y a 25 ans&#8230; mais finalement, <br>la plupart de ces photographies sont demeur\u00e9es in\u00e9dites. Quelques tirages ont circul\u00e9 dans des expositions,&nbsp; mais la majorit\u00e9 est rest\u00e9e enfouie dans des bo\u00eetes d&rsquo;archives.<\/p>\n\n\n\n<figure class=\"wp-block-image\"><img decoding=\"async\" src=\"https:\/\/s3-eu-west-1.amazonaws.com\/com.ulule.media\/presales\/6\/9\/0\/6\/8\/1\/186096\/048.CwtsT02XcT.jpg\" alt=\"\"\/><\/figure>\n\n\n\n<p>\u00ab&nbsp;Mes ann\u00e9es africaines \u00bb repr\u00e9sentent <strong>79&nbsp;planches contacts<\/strong> et environ <strong>2220&nbsp;vues argentiques<\/strong>,24&#215;36 et 6&#215;6. Un nombre cons\u00e9quent, mais finalement assez faible si on le ram\u00e8ne \u00e0 la production actuelle en num\u00e9rique <br>o\u00f9 l\u2019on r\u00e9alise facilement plusieurs centaines d&rsquo;images par jour.<\/p>\n\n\n\n<figure class=\"wp-block-image\"><img decoding=\"async\" src=\"https:\/\/s3-eu-west-1.amazonaws.com\/com.ulule.media\/presales\/6\/9\/0\/6\/8\/1\/186096\/pc-crow-01.g0v7nxiE5c.jpeg\" alt=\"Niger, Zinder Agades 412 12\/18 Mopti, bateau 251\"\/><\/figure>\n\n\n\n<p>Aujourd&rsquo;hui, j&rsquo;ai revisit\u00e9 et r\u00e9organis\u00e9 ces photos. Je remarque n\u00e9anmoins qu\u2019avec le temps, le statut des images \u00e9volue : certains souvenirs s&rsquo;effacent tandis que d&rsquo;autres s&rsquo;affirment ; <br>certaines prises de vue gagnent en puissance quand d&rsquo;autres tombent dans la r\u00e9p\u00e9tition ou le clich\u00e9. Il est essentiel de trouver le juste milieu entre <strong>le souvenir de ce pass\u00e9<\/strong> et le d\u00e9sir<br>de <strong>cr\u00e9er une \u0153uvre contemporaine<\/strong> \u00e0 partir de photos qui ont plus de 35 ans. Le d\u00e9fi d&rsquo;<em>African Memories<\/em> est l\u00e0 !<\/p>\n\n\n\n<figure class=\"wp-block-image\"><img decoding=\"async\" src=\"https:\/\/s3-eu-west-1.amazonaws.com\/com.ulule.media\/presales\/6\/9\/0\/6\/8\/1\/186096\/013.McQUxzkZWU.jpg\" alt=\"\"\/><\/figure>\n\n\n\n<p>Le Mali, le Niger, le Burkina Faso, des pays qui m&rsquo;avaient chaleureusement ouvert leurs portes, sont aujourd&rsquo;hui des territoires ferm\u00e9s. <br><strong>De nombreux lieux fascinants<\/strong> (Mopti, Gao, Tombouctou, le pays Dogon, Agad\u00e8s&#8230;) captur\u00e9s dans <em>African Memories<\/em> sont d\u00e9sormais inaccessibles aux visiteurs francais ou europ\u00e9ens.<\/p>\n","protected":false},"excerpt":{"rendered":"<p>\u00ab\u00a0AFRICAN MEMORIES\u00a0\u00bb aux \u00e9ditions Loco 144 Pages \/ 108 photos = 45 Euros \u00c9dition avec un tirage limit\u00e9 et sign\u00e9 : 160E \u00c9dition Collector en coffret avec calques et tirage limit\u00e9 sign\u00e9 : 260&#46;&#46;&#46;<\/p>\n","protected":false},"author":1,"featured_media":0,"parent":0,"menu_order":0,"comment_status":"closed","ping_status":"closed","template":"","meta":{"footnotes":""},"class_list":["post-6400","page","type-page","status-publish","hentry"],"_links":{"self":[{"href":"https:\/\/www.jcbechet.com\/index.php?rest_route=\/wp\/v2\/pages\/6400"}],"collection":[{"href":"https:\/\/www.jcbechet.com\/index.php?rest_route=\/wp\/v2\/pages"}],"about":[{"href":"https:\/\/www.jcbechet.com\/index.php?rest_route=\/wp\/v2\/types\/page"}],"author":[{"embeddable":true,"href":"https:\/\/www.jcbechet.com\/index.php?rest_route=\/wp\/v2\/users\/1"}],"replies":[{"embeddable":true,"href":"https:\/\/www.jcbechet.com\/index.php?rest_route=%2Fwp%2Fv2%2Fcomments&post=6400"}],"version-history":[{"count":9,"href":"https:\/\/www.jcbechet.com\/index.php?rest_route=\/wp\/v2\/pages\/6400\/revisions"}],"predecessor-version":[{"id":6906,"href":"https:\/\/www.jcbechet.com\/index.php?rest_route=\/wp\/v2\/pages\/6400\/revisions\/6906"}],"wp:attachment":[{"href":"https:\/\/www.jcbechet.com\/index.php?rest_route=%2Fwp%2Fv2%2Fmedia&parent=6400"}],"curies":[{"name":"wp","href":"https:\/\/api.w.org\/{rel}","templated":true}]}}

<p></p>



<figure class="wp-block-image size-large"><a href="https://www.jcbechet.com/wp-content/uploads/2024/09/Mp_African-Memories_Couv_Ext_02-copie-1-1.jpg"><img loading="lazy" decoding="async" width="1024" height="619" src="https://www.jcbechet.com/wp-content/uploads/2024/09/Mp_African-Memories_Couv_Ext_02-copie-1-1-1024x619.jpg" alt="" class="wp-image-6405" srcset="https://www.jcbechet.com/wp-content/uploads/2024/09/Mp_African-Memories_Couv_Ext_02-copie-1-1-1024x619.jpg 1024w, https://www.jcbechet.com/wp-content/uploads/2024/09/Mp_African-Memories_Couv_Ext_02-copie-1-1-300x181.jpg 300w, https://www.jcbechet.com/wp-content/uploads/2024/09/Mp_African-Memories_Couv_Ext_02-copie-1-1-768x464.jpg 768w, https://www.jcbechet.com/wp-content/uploads/2024/09/Mp_African-Memories_Couv_Ext_02-copie-1-1-1536x928.jpg 1536w, https://www.jcbechet.com/wp-content/uploads/2024/09/Mp_African-Memories_Couv_Ext_02-copie-1-1.jpg 1767w" sizes="(max-width: 1024px) 100vw, 1024px" /></a></figure>



<p class="has-text-color has-link-color has-medium-font-size wp-elements-5fa939da9c426005dd70bfba183deaaf" style="color:#957315"><br><strong>« AFRICAN MEMORIES » <br>aux éditions Loco <br>144 Pages / 108 photos  = 45 Euros <br>Édition avec un tirage limité et signé : 160E <br>Édition Collector en coffret avec calques et tirage limité signé : 260 E</strong></p>



<p><strong>Cameroun, Mali, Niger, Burkina Faso, Nigéria, Algérie&#8230;&nbsp;</strong>Dans cette œuvre intimement personnelle, je revisite, trente-cinq ans plus tard, mes premiers pas de jeune photographe.&nbsp;</p>



<figure class="wp-block-image"><img decoding="async" src="https://s3-eu-west-1.amazonaws.com/com.ulule.media/presales/6/9/0/6/8/1/186096/038.BRxp02Vp5I.jpg" alt=""/></figure>



<p>Cette période intense de trois ans, que j&rsquo;ai surnommée <strong>« mes années africaines »</strong>, aurait pu se concrétiser dans un premier livre, il y a 25 ans&#8230; mais finalement, <br>la plupart de ces photographies sont demeurées inédites. Quelques tirages ont circulé dans des expositions,&nbsp; mais la majorité est restée enfouie dans des boîtes d&rsquo;archives.</p>



<figure class="wp-block-image"><img decoding="async" src="https://s3-eu-west-1.amazonaws.com/com.ulule.media/presales/6/9/0/6/8/1/186096/048.CwtsT02XcT.jpg" alt=""/></figure>



<p>«&nbsp;Mes années africaines » représentent <strong>79&nbsp;planches contacts</strong> et environ <strong>2220&nbsp;vues argentiques</strong>,24&#215;36 et 6&#215;6. Un nombre conséquent, mais finalement assez faible si on le ramène à la production actuelle en numérique <br>où l’on réalise facilement plusieurs centaines d&rsquo;images par jour.</p>



<figure class="wp-block-image"><img decoding="async" src="https://s3-eu-west-1.amazonaws.com/com.ulule.media/presales/6/9/0/6/8/1/186096/pc-crow-01.g0v7nxiE5c.jpeg" alt="Niger, Zinder Agades 412 12/18 Mopti, bateau 251"/></figure>



<p>Aujourd&rsquo;hui, j&rsquo;ai revisité et réorganisé ces photos. Je remarque néanmoins qu’avec le temps, le statut des images évolue : certains souvenirs s&rsquo;effacent tandis que d&rsquo;autres s&rsquo;affirment ; <br>certaines prises de vue gagnent en puissance quand d&rsquo;autres tombent dans la répétition ou le cliché. Il est essentiel de trouver le juste milieu entre <strong>le souvenir de ce passé</strong> et le désir<br>de <strong>créer une œuvre contemporaine</strong> à partir de photos qui ont plus de 35 ans. Le défi d&rsquo;<em>African Memories</em> est là !</p>



<figure class="wp-block-image"><img decoding="async" src="https://s3-eu-west-1.amazonaws.com/com.ulule.media/presales/6/9/0/6/8/1/186096/013.McQUxzkZWU.jpg" alt=""/></figure>



<p>Le Mali, le Niger, le Burkina Faso, des pays qui m&rsquo;avaient chaleureusement ouvert leurs portes, sont aujourd&rsquo;hui des territoires fermés. <br><strong>De nombreux lieux fascinants</strong> (Mopti, Gao, Tombouctou, le pays Dogon, Agadès&#8230;) capturés dans <em>African Memories</em> sont désormais inaccessibles aux visiteurs francais ou européens.</p>

<p>« AFRICAN MEMORIES » aux éditions Loco 144 Pages / 108 photos = 45 Euros Édition avec un tirage limité et signé : 160E Édition Collector en coffret avec calques et tirage limité signé : 260&#46;&#46;&#46;</p>
