{"id":5313,"date":"2021-11-22T23:59:45","date_gmt":"2021-11-22T22:59:45","guid":{"rendered":"http:\/\/www.jcbechet.com\/?page_id=5313"},"modified":"2026-02-23T12:20:39","modified_gmt":"2026-02-23T11:20:39","slug":"frenchtown-3-2","status":"publish","type":"page","link":"https:\/\/www.jcbechet.com\/?page_id=5313","title":{"rendered":"Frenchtown # 3 (2021)"},"content":{"rendered":"\n<figure class=\"wp-block-image size-large\"><a href=\"https:\/\/www.jcbechet.com\/wp-content\/uploads\/2022\/04\/000-copief.jpg\"><img loading=\"lazy\" decoding=\"async\" width=\"1024\" height=\"467\" src=\"https:\/\/www.jcbechet.com\/wp-content\/uploads\/2022\/04\/000-copief-1024x467.jpg\" alt=\"\" class=\"wp-image-5855\" srcset=\"https:\/\/www.jcbechet.com\/wp-content\/uploads\/2022\/04\/000-copief-1024x467.jpg 1024w, https:\/\/www.jcbechet.com\/wp-content\/uploads\/2022\/04\/000-copief-300x137.jpg 300w, https:\/\/www.jcbechet.com\/wp-content\/uploads\/2022\/04\/000-copief-768x350.jpg 768w, https:\/\/www.jcbechet.com\/wp-content\/uploads\/2022\/04\/000-copief-1536x700.jpg 1536w, https:\/\/www.jcbechet.com\/wp-content\/uploads\/2022\/04\/000-copief.jpg 1868w\" sizes=\"(max-width: 1024px) 100vw, 1024px\" \/><\/a><\/figure>\n\n\n\n<p><\/p>\n\n\n\n<p><strong>FRENCHTOWN #3 : Saint-Brieuc (22<\/strong><em>)<\/em><br><em>Le Pas du Trem, 48 pages,  ( \u00e9puis\u00e9 en version normale )<\/em><br><em>Une \u00e9dition limit\u00e9e avec un tirage original de l\u2019auteur est disponible (90 E)<br>Une \u00e9dition limit\u00e9e avec deux tirages originaux de l\u2019auteur est disponible (130 E)<br>(contact : jcbechet@gmail.com)<\/em><\/p>\n\n\n\n<p class=\"has-text-align-right has-vivid-cyan-blue-color has-text-color\"><em>\u00ab Tout l\u2019hiver, le ciel \u00e9tait bas et humide. <\/em><br><em>Couvrant le chant triste des cloches, le vent chassait parfois sur la ville le cri rauque <\/em><br><em>d\u2019une sir\u00e8ne : un vapeur sortait du port et allait prendre le large&#8230; \u00bb<\/em><br><strong>Louis Guilloux \/ La Maison du peuple (1927)<\/strong><\/p>\n\n\n\n<p>J\u2019ai d\u00e9couvert Saint-Brieuc au d\u00e9but de l\u2019ann\u00e9e 2020. Le nom m\u2019\u00e9tait familier, mais, d\u00e8s que je suis sorti de la gare, j\u2019ai compris que je n\u2019\u00e9tais jamais venu auparavant. Ensuite, au fil des mois, et de mes visites, je me suis aper\u00e7u que ce sentiment de fausse familiarit\u00e9 \u00e9tait partag\u00e9. Tout le monde semblait conna\u00eetre la ville, mais personne ne pouvait me dire pr\u00e9cis\u00e9ment s\u2019il y avait vraiment s\u00e9journ\u00e9, s\u2019il l\u2019avait juste travers\u00e9 ou m\u00eame si en r\u00e9alit\u00e9, il n\u2019y avait jamais mis les pieds. Bref, j\u2019ai vite compris que Saint-Brieuc \u00e9tait \u00e0 la fois une ville reconnue et peu connue, une ville c\u00e9l\u00e8bre et anonyme&#8230;<\/p>\n\n\n\n<p>De mon c\u00f4t\u00e9, d\u00e8s mes premiers pas sur la passerelle sur\u00e9lev\u00e9e de la Gare, j\u2019ai su que la ville m\u2019attirait. Je ne savais pas encore que j\u2019y reviendrai r\u00e9guli\u00e8rement par la suite. Je ne savais pas encore si j\u2019allais l\u2019aimer ou m\u2019en d\u00e9tacher rapidement, non ce n\u2019\u00e9tait pas un coup de foudre, mais une rencontre amicale, presque confortable. A quoi tient ce sentiment ? Difficile \u00e0 dire&#8230; Question de g\u00e9ographie, d\u2019atmosph\u00e8re, d\u2019architecture, de lumi\u00e8re ; tout cela cr\u00e9e une alchimie un peu ind\u00e9finissable. Comme dans une rencontre humaine. Pourquoi passons-nous une bonne soir\u00e9e avec quelqu\u2019un que nous connaissons \u00e0 peine et qui, a priori, n\u2019a pas les m\u00eames passions que nous&#8230; et pourquoi, au contraire, nous ennuyons-nous avec ces personnes qui pourtant devraient nous \u00eatre proches et avec qui nous partageons de nombreux gouts communs ? Tout cela n\u2019est pas rationnel, quantifiable, logique et c\u2019est tant mieux.<\/p>\n\n\n\n<p>Pour un photographe, bien s\u00fbr, la s\u00e9duction d\u2019un lieu, ou du moins son attrait, son \u00ab charme \u00bb, provient de sa qualit\u00e9 visuelle, une \u00ab qualit\u00e9 \u00bb qui n\u2019a rien \u00e0 voir avec un quelconque label touristique, ou historique, ou \u00e9v\u00e9nementiel, non pour moi, c\u2019est une sensation d\u2019\u00e9paisseur, d\u2019authenticit\u00e9, de sinc\u00e9rit\u00e9, d\u2019histoires en suspens qui ne demandent qu\u2019\u00e0 \u00eatre racont\u00e9es. Il y a aussi le climat, bien s\u00fbr, et la g\u00e9ographie. J\u2019ai toujours aim\u00e9 les villes escarp\u00e9es, o\u00f9 l\u2019on monte et descend, o\u00f9 le regard plonge le long de rues en pente. De ce c\u00f4t\u00e9-l\u00e0 \u00e0 Saint Brieuc, j\u2019allais \u00eatre servi&#8230;<\/p>\n","protected":false},"excerpt":{"rendered":"<p>FRENCHTOWN #3 : Saint-Brieuc (22)Le Pas du Trem, 48 pages, ( \u00e9puis\u00e9 en version normale )Une \u00e9dition limit\u00e9e avec un tirage original de l\u2019auteur est disponible (90 E)Une \u00e9dition limit\u00e9e avec deux tirages originaux&#46;&#46;&#46;<\/p>\n","protected":false},"author":1,"featured_media":0,"parent":0,"menu_order":0,"comment_status":"closed","ping_status":"closed","template":"","meta":{"footnotes":""},"class_list":["post-5313","page","type-page","status-publish","hentry"],"_links":{"self":[{"href":"https:\/\/www.jcbechet.com\/index.php?rest_route=\/wp\/v2\/pages\/5313"}],"collection":[{"href":"https:\/\/www.jcbechet.com\/index.php?rest_route=\/wp\/v2\/pages"}],"about":[{"href":"https:\/\/www.jcbechet.com\/index.php?rest_route=\/wp\/v2\/types\/page"}],"author":[{"embeddable":true,"href":"https:\/\/www.jcbechet.com\/index.php?rest_route=\/wp\/v2\/users\/1"}],"replies":[{"embeddable":true,"href":"https:\/\/www.jcbechet.com\/index.php?rest_route=%2Fwp%2Fv2%2Fcomments&post=5313"}],"version-history":[{"count":11,"href":"https:\/\/www.jcbechet.com\/index.php?rest_route=\/wp\/v2\/pages\/5313\/revisions"}],"predecessor-version":[{"id":7582,"href":"https:\/\/www.jcbechet.com\/index.php?rest_route=\/wp\/v2\/pages\/5313\/revisions\/7582"}],"wp:attachment":[{"href":"https:\/\/www.jcbechet.com\/index.php?rest_route=%2Fwp%2Fv2%2Fmedia&parent=5313"}],"curies":[{"name":"wp","href":"https:\/\/api.w.org\/{rel}","templated":true}]}}

<figure class="wp-block-image size-large"><a href="https://www.jcbechet.com/wp-content/uploads/2022/04/000-copief.jpg"><img loading="lazy" decoding="async" width="1024" height="467" src="https://www.jcbechet.com/wp-content/uploads/2022/04/000-copief-1024x467.jpg" alt="" class="wp-image-5855" srcset="https://www.jcbechet.com/wp-content/uploads/2022/04/000-copief-1024x467.jpg 1024w, https://www.jcbechet.com/wp-content/uploads/2022/04/000-copief-300x137.jpg 300w, https://www.jcbechet.com/wp-content/uploads/2022/04/000-copief-768x350.jpg 768w, https://www.jcbechet.com/wp-content/uploads/2022/04/000-copief-1536x700.jpg 1536w, https://www.jcbechet.com/wp-content/uploads/2022/04/000-copief.jpg 1868w" sizes="(max-width: 1024px) 100vw, 1024px" /></a></figure>



<p></p>



<p><strong>FRENCHTOWN #3 : Saint-Brieuc (22</strong><em>)</em><br><em>Le Pas du Trem, 48 pages,  ( épuisé en version normale )</em><br><em>Une édition limitée avec un tirage original de l’auteur est disponible (90 E)<br>Une édition limitée avec deux tirages originaux de l’auteur est disponible (130 E)<br>(contact : jcbechet@gmail.com)</em></p>



<p class="has-text-align-right has-vivid-cyan-blue-color has-text-color"><em>« Tout l’hiver, le ciel était bas et humide. </em><br><em>Couvrant le chant triste des cloches, le vent chassait parfois sur la ville le cri rauque </em><br><em>d’une sirène : un vapeur sortait du port et allait prendre le large&#8230; »</em><br><strong>Louis Guilloux / La Maison du peuple (1927)</strong></p>



<p>J’ai découvert Saint-Brieuc au début de l’année 2020. Le nom m’était familier, mais, dès que je suis sorti de la gare, j’ai compris que je n’étais jamais venu auparavant. Ensuite, au fil des mois, et de mes visites, je me suis aperçu que ce sentiment de fausse familiarité était partagé. Tout le monde semblait connaître la ville, mais personne ne pouvait me dire précisément s’il y avait vraiment séjourné, s’il l’avait juste traversé ou même si en réalité, il n’y avait jamais mis les pieds. Bref, j’ai vite compris que Saint-Brieuc était à la fois une ville reconnue et peu connue, une ville célèbre et anonyme&#8230;</p>



<p>De mon côté, dès mes premiers pas sur la passerelle surélevée de la Gare, j’ai su que la ville m’attirait. Je ne savais pas encore que j’y reviendrai régulièrement par la suite. Je ne savais pas encore si j’allais l’aimer ou m’en détacher rapidement, non ce n’était pas un coup de foudre, mais une rencontre amicale, presque confortable. A quoi tient ce sentiment ? Difficile à dire&#8230; Question de géographie, d’atmosphère, d’architecture, de lumière ; tout cela crée une alchimie un peu indéfinissable. Comme dans une rencontre humaine. Pourquoi passons-nous une bonne soirée avec quelqu’un que nous connaissons à peine et qui, a priori, n’a pas les mêmes passions que nous&#8230; et pourquoi, au contraire, nous ennuyons-nous avec ces personnes qui pourtant devraient nous être proches et avec qui nous partageons de nombreux gouts communs ? Tout cela n’est pas rationnel, quantifiable, logique et c’est tant mieux.</p>



<p>Pour un photographe, bien sûr, la séduction d’un lieu, ou du moins son attrait, son « charme », provient de sa qualité visuelle, une « qualité » qui n’a rien à voir avec un quelconque label touristique, ou historique, ou événementiel, non pour moi, c’est une sensation d’épaisseur, d’authenticité, de sincérité, d’histoires en suspens qui ne demandent qu’à être racontées. Il y a aussi le climat, bien sûr, et la géographie. J’ai toujours aimé les villes escarpées, où l’on monte et descend, où le regard plonge le long de rues en pente. De ce côté-là à Saint Brieuc, j’allais être servi&#8230;</p>

<p>FRENCHTOWN #3 : Saint-Brieuc (22)Le Pas du Trem, 48 pages, ( épuisé en version normale )Une édition limitée avec un tirage original de l’auteur est disponible (90 E)Une édition limitée avec deux tirages originaux&#46;&#46;&#46;</p>
