{"id":3847,"date":"2016-10-11T01:25:49","date_gmt":"2016-10-10T23:25:49","guid":{"rendered":"http:\/\/www.jcbechet.com\/?page_id=3847"},"modified":"2024-04-30T14:08:57","modified_gmt":"2024-04-30T12:08:57","slug":"european-puzzle-2016-2","status":"publish","type":"page","link":"https:\/\/www.jcbechet.com\/?page_id=3847","title":{"rendered":"European Puzzle (2016)"},"content":{"rendered":"<p><a href=\"http:\/\/www.jcbechet.com\/wp-content\/uploads\/2016\/10\/OK-Site-03.jpg\"><img loading=\"lazy\" decoding=\"async\" class=\"alignleft  wp-image-4011\" src=\"http:\/\/www.jcbechet.com\/wp-content\/uploads\/2016\/10\/OK-Site-03.jpg\" alt=\"ok-site-03\" width=\"950\" height=\"401\" srcset=\"https:\/\/www.jcbechet.com\/wp-content\/uploads\/2016\/10\/OK-Site-03.jpg 950w, https:\/\/www.jcbechet.com\/wp-content\/uploads\/2016\/10\/OK-Site-03-300x126.jpg 300w, https:\/\/www.jcbechet.com\/wp-content\/uploads\/2016\/10\/OK-Site-03-2x1.jpg 2w, https:\/\/www.jcbechet.com\/wp-content\/uploads\/2016\/10\/OK-Site-03-940x396.jpg 940w\" sizes=\"(max-width: 950px) 100vw, 950px\" \/><\/a><\/p>\n<h5><em>European Puzzle, aux \u00e9ditions Loco,\u00a0 230 pages,<strong><br \/>\nSold out \/ Derniers exemplaires disponibles aupr\u00e8s de l&rsquo;auteur<br \/>\n\u00c9dition normale \u00e9puis\u00e9e<\/strong><\/em><em><strong><br \/>\n\u00c9dition avec tirage de collection (sign\u00e9 et num\u00e9rot\u00e9) : 190 \u20ac.<\/strong><b><br \/>\n(contact : jcbechet@gmail.com) <\/b><\/em><\/h5>\n<p>Il y a l\u2019Europe \u00e9conomique, politique, g\u00e9ographique ou m\u00eame footballistique. \u00a0Il y a l\u2019Europe de Schengen, celle de la monnaie commune, celle des 28 pays de l\u2019Union Europ\u00e9enne\u2026\u00a0 Autant d\u2019Europe(s) diff\u00e9rentes. De Reykjavik \u00e0 Istanbul, certaines fronti\u00e8res s\u2019\u00e9croulent, d\u2019autres naissent, certaines routes s\u2019ouvrent, d\u2019autres se ferment\u2026\u00a0 M\u00e9tissages, melting-pot, globalisation, mondialisation, europ\u00e9anisation\u2026 les mots s\u2019entrechoquent. Nos rep\u00e8res sont bouscul\u00e9s\u00a0: existe-t-il encore une Europe de l\u2019Ouest et une Europe de l\u2019Est ? Une Europe du Sud autour de la M\u00e9diterran\u00e9e et une Europe du Nord construit sur l\u2019h\u00e9ritage Luth\u00e9rien ? Que reste-t-il de l\u2019Europe des Lumi\u00e8res et de cette Mitteleuropa qui en fut longtemps le coeur\u00a0?<\/p>\n<p>Mon int\u00e9r\u00eat pour l\u2019Europe s\u2019est construit sur ces interrogations. Je crois \u00e0 la relativit\u00e9 des notions et des fronti\u00e8res, au poids des climats et des histoires personnelles, aux mythes et \u00e0 ceux qui les perp\u00e9tuent, \u00e9crivains, musiciens, po\u00e8tes, artistes\u2026 Aujourd\u2019hui, alors que ses fissures semblent de plus en plus profondes, j\u2019ai ressenti le besoin de me confronter \u00e0 ce continent europ\u00e9en que je sillonne depuis trente ans. Je me sens \u00ab\u00a0Europ\u00e9en\u00a0\u00bb, mais je vois les cicatrices d\u2019un pass\u00e9 politique mal r\u00e9solu et les promesses h\u00e9sitantes d\u2019un avenir commun hypoth\u00e9tique. Je sens un monde fragile o\u00f9 toutes nos contradictions actuelles se cristallisent.<\/p>\n<p>Choisir comme \u00ab\u00a0territoire\u00bb un continent ind\u00e9fini et contest\u00e9 rel\u00e8ve de du d\u00e9fi. Pourtant, il m\u2019a sembl\u00e9 que le moment \u00e9tait venu de s\u2019y risquer et de proposer un assemblage de sc\u00e8nes de rues, de portraits et de paysages\u2026 Autant de visions saisies dans le flux du r\u00e9el, souvent sur le vif.\u00a0 J\u2019ai accord\u00e9 autant d\u2019importance \u00e0 l\u2019architecture qu\u2019aux humains, aux climats qu\u2019\u00e0 la lumi\u00e8re, aux petits hasards anodins qu\u2019aux moments d\u2019histoire. Ainsi s\u2019\u00e9labore un cheminement qui prend sa forme d\u00e9finitive dans ce livre en plusieurs sections, en 332 pages, 220 photos et une vingtaine de pays\u2026 JCB<\/p>\n","protected":false},"excerpt":{"rendered":"<p>European Puzzle, aux \u00e9ditions Loco,\u00a0 230 pages, Sold out \/ Derniers exemplaires disponibles aupr\u00e8s de l&rsquo;auteur \u00c9dition normale \u00e9puis\u00e9e \u00c9dition avec tirage de collection (sign\u00e9 et num\u00e9rot\u00e9) : 190 \u20ac. (contact : jcbechet@gmail.com) Il&#46;&#46;&#46;<\/p>\n","protected":false},"author":1,"featured_media":0,"parent":0,"menu_order":0,"comment_status":"closed","ping_status":"closed","template":"","meta":{"footnotes":""},"class_list":["post-3847","page","type-page","status-publish","hentry"],"_links":{"self":[{"href":"https:\/\/www.jcbechet.com\/index.php?rest_route=\/wp\/v2\/pages\/3847"}],"collection":[{"href":"https:\/\/www.jcbechet.com\/index.php?rest_route=\/wp\/v2\/pages"}],"about":[{"href":"https:\/\/www.jcbechet.com\/index.php?rest_route=\/wp\/v2\/types\/page"}],"author":[{"embeddable":true,"href":"https:\/\/www.jcbechet.com\/index.php?rest_route=\/wp\/v2\/users\/1"}],"replies":[{"embeddable":true,"href":"https:\/\/www.jcbechet.com\/index.php?rest_route=%2Fwp%2Fv2%2Fcomments&post=3847"}],"version-history":[{"count":2,"href":"https:\/\/www.jcbechet.com\/index.php?rest_route=\/wp\/v2\/pages\/3847\/revisions"}],"predecessor-version":[{"id":6381,"href":"https:\/\/www.jcbechet.com\/index.php?rest_route=\/wp\/v2\/pages\/3847\/revisions\/6381"}],"wp:attachment":[{"href":"https:\/\/www.jcbechet.com\/index.php?rest_route=%2Fwp%2Fv2%2Fmedia&parent=3847"}],"curies":[{"name":"wp","href":"https:\/\/api.w.org\/{rel}","templated":true}]}}