{"id":2504,"date":"2012-11-17T13:56:36","date_gmt":"2012-11-17T12:56:36","guid":{"rendered":"http:\/\/www.jcbechet.com\/?page_id=2504"},"modified":"2025-04-11T23:30:48","modified_gmt":"2025-04-11T21:30:48","slug":"carnets-5-mineral-altitude-2012","status":"publish","type":"page","link":"https:\/\/www.jcbechet.com\/?page_id=2504","title":{"rendered":"Carnets #5 : Min\u00e9ral \/Altitude (2012)"},"content":{"rendered":"<h2><a href=\"http:\/\/www.jcbechet.com\/wp-content\/uploads\/2012\/11\/Mineral-Site-okj.jpg\"><img loading=\"lazy\" decoding=\"async\" class=\"aligncenter size-full wp-image-2505\" title=\"Mineral Site okj\" src=\"http:\/\/www.jcbechet.com\/wp-content\/uploads\/2012\/11\/Mineral-Site-okj.jpg\" alt=\"\" width=\"950\" height=\"439\" srcset=\"https:\/\/www.jcbechet.com\/wp-content\/uploads\/2012\/11\/Mineral-Site-okj.jpg 950w, https:\/\/www.jcbechet.com\/wp-content\/uploads\/2012\/11\/Mineral-Site-okj-300x138.jpg 300w, https:\/\/www.jcbechet.com\/wp-content\/uploads\/2012\/11\/Mineral-Site-okj-2x1.jpg 2w, https:\/\/www.jcbechet.com\/wp-content\/uploads\/2012\/11\/Mineral-Site-okj-940x434.jpg 940w\" sizes=\"(max-width: 950px) 100vw, 950px\" \/><\/a><\/h2>\n<p><strong>Format 24\u00d730 cm, 54 pages, 42 photos noir &amp; blanc, \u00e9ditions trans photographic press<br \/>\n\u00c9dition num\u00e9rot\u00e9e de 750 exemplaires (32 E)<\/strong><br \/>\n<strong> Une \u00e9dition limit\u00e9e, num\u00e9rot\u00e9e et sign\u00e9e, avec un tirage original (limit\u00e9 \u00e0 30 exemplaires) est disponible aupr\u00e8s de l\u2019auteur (160 E)<\/strong><\/p>\n<h3>Min\u00e9ral\u00a0 (Altitude)<\/h3>\n<p>Je ne suis pas un alpiniste, juste un marcheur. Apr\u00e8s avoir beaucoup photographi\u00e9s les grandes villes, dont Tokyo, bien s\u00fbr, j\u2019ai repris les chemins de pierre qui s\u2019\u00e9loignent des terres o\u00f9 vivent les hommes.<br \/>\nJ\u2019ai voulu aller l\u00e0 o\u00f9 il n\u2019y a plus d\u2019arbres, de v\u00e9g\u00e9tation, de fleurs, l\u00e0 o\u00f9 il ne reste que des pierres, de l\u2019eau, de la neige et du vent. Dans cet univers rude et monocolore, j\u2019ai trouv\u00e9 un sentiment rare de libert\u00e9.<br \/>\nCe chaos min\u00e9ral, cette vision brute de la terre, m\u2019a fascin\u00e9. A une certaine altitude, l&rsquo;homme ne peut plus rien domestiquer, la nature est impossible \u00e0 soumettre.<br \/>\nAlors ce livre s\u2019est impos\u00e9, en vertical et en noir &amp; blanc. Les photos sont prises dans les Alpes, entre la France et l\u2019Italie, au N\u00e9pal, sur la route de l\u2019Everest, et au c\u0153ur de l\u2019Islande.<\/p>\n","protected":false},"excerpt":{"rendered":"<p>Format 24\u00d730 cm, 54 pages, 42 photos noir &amp; blanc, \u00e9ditions trans photographic press \u00c9dition num\u00e9rot\u00e9e de 750 exemplaires (32 E) Une \u00e9dition limit\u00e9e, num\u00e9rot\u00e9e et sign\u00e9e, avec un tirage original (limit\u00e9 \u00e0 30&#46;&#46;&#46;<\/p>\n","protected":false},"author":1,"featured_media":0,"parent":0,"menu_order":0,"comment_status":"closed","ping_status":"closed","template":"","meta":{"footnotes":""},"class_list":["post-2504","page","type-page","status-publish","hentry"],"_links":{"self":[{"href":"https:\/\/www.jcbechet.com\/index.php?rest_route=\/wp\/v2\/pages\/2504"}],"collection":[{"href":"https:\/\/www.jcbechet.com\/index.php?rest_route=\/wp\/v2\/pages"}],"about":[{"href":"https:\/\/www.jcbechet.com\/index.php?rest_route=\/wp\/v2\/types\/page"}],"author":[{"embeddable":true,"href":"https:\/\/www.jcbechet.com\/index.php?rest_route=\/wp\/v2\/users\/1"}],"replies":[{"embeddable":true,"href":"https:\/\/www.jcbechet.com\/index.php?rest_route=%2Fwp%2Fv2%2Fcomments&post=2504"}],"version-history":[{"count":1,"href":"https:\/\/www.jcbechet.com\/index.php?rest_route=\/wp\/v2\/pages\/2504\/revisions"}],"predecessor-version":[{"id":6884,"href":"https:\/\/www.jcbechet.com\/index.php?rest_route=\/wp\/v2\/pages\/2504\/revisions\/6884"}],"wp:attachment":[{"href":"https:\/\/www.jcbechet.com\/index.php?rest_route=%2Fwp%2Fv2%2Fmedia&parent=2504"}],"curies":[{"name":"wp","href":"https:\/\/api.w.org\/{rel}","templated":true}]}}