{"id":1380,"date":"2011-06-13T19:55:11","date_gmt":"2011-06-13T17:55:11","guid":{"rendered":"http:\/\/www.jcbechet.com\/?page_id=1380"},"modified":"2024-04-30T14:11:35","modified_gmt":"2024-04-30T12:11:35","slug":"sax-sex-23h-2","status":"publish","type":"page","link":"https:\/\/www.jcbechet.com\/?page_id=1380","title":{"rendered":"Sax, Sex, 23h (2004)"},"content":{"rendered":"<p><a href=\"http:\/\/www.jcbechet.com\/wp-content\/uploads\/2011\/06\/livre-ok.jpg\"><img loading=\"lazy\" decoding=\"async\" class=\"aligncenter size-full wp-image-1381\" title=\"OLYMPUS DIGITAL CAMERA\" src=\"http:\/\/www.jcbechet.com\/wp-content\/uploads\/2011\/06\/livre-ok.jpg\" alt=\"\" width=\"950\" height=\"353\" srcset=\"https:\/\/www.jcbechet.com\/wp-content\/uploads\/2011\/06\/livre-ok.jpg 950w, https:\/\/www.jcbechet.com\/wp-content\/uploads\/2011\/06\/livre-ok-300x111.jpg 300w, https:\/\/www.jcbechet.com\/wp-content\/uploads\/2011\/06\/livre-ok-2x1.jpg 2w, https:\/\/www.jcbechet.com\/wp-content\/uploads\/2011\/06\/livre-ok-940x349.jpg 940w\" sizes=\"(max-width: 950px) 100vw, 950px\" \/><\/a><\/p>\n<p><strong>\u00ab\u00a0Sax, Sex, 23h\u00a0\u00bb,\u00a0\u00e9ditions Filigranes 2002<br \/>\n64 pages format 12x17cm, 33 photos couleur et n&amp;b<br \/>\nTexte d&rsquo;Yves Simon, photos de Jean-Christophe B\u00e9chet<br \/>\nLivre \u00e9puis\u00e9. Derniers exemplaires en vente aupr\u00e8s de l&rsquo;<strong>auteur<br \/>\n150 E avec tirage de t\u00eate<br \/>\n<\/strong><\/strong><\/p>\n<p><strong>\u00a0<\/strong><\/p>\n","protected":false},"excerpt":{"rendered":"<p>\u00ab\u00a0Sax, Sex, 23h\u00a0\u00bb,\u00a0\u00e9ditions Filigranes 2002 64 pages format 12x17cm, 33 photos couleur et n&amp;b Texte d&rsquo;Yves Simon, photos de Jean-Christophe B\u00e9chet Livre \u00e9puis\u00e9. Derniers exemplaires en vente aupr\u00e8s de l&rsquo;auteur 150 E avec tirage&#46;&#46;&#46;<\/p>\n","protected":false},"author":1,"featured_media":0,"parent":0,"menu_order":0,"comment_status":"closed","ping_status":"closed","template":"","meta":{"footnotes":""},"class_list":["post-1380","page","type-page","status-publish","hentry"],"_links":{"self":[{"href":"https:\/\/www.jcbechet.com\/index.php?rest_route=\/wp\/v2\/pages\/1380"}],"collection":[{"href":"https:\/\/www.jcbechet.com\/index.php?rest_route=\/wp\/v2\/pages"}],"about":[{"href":"https:\/\/www.jcbechet.com\/index.php?rest_route=\/wp\/v2\/types\/page"}],"author":[{"embeddable":true,"href":"https:\/\/www.jcbechet.com\/index.php?rest_route=\/wp\/v2\/users\/1"}],"replies":[{"embeddable":true,"href":"https:\/\/www.jcbechet.com\/index.php?rest_route=%2Fwp%2Fv2%2Fcomments&post=1380"}],"version-history":[{"count":1,"href":"https:\/\/www.jcbechet.com\/index.php?rest_route=\/wp\/v2\/pages\/1380\/revisions"}],"predecessor-version":[{"id":6383,"href":"https:\/\/www.jcbechet.com\/index.php?rest_route=\/wp\/v2\/pages\/1380\/revisions\/6383"}],"wp:attachment":[{"href":"https:\/\/www.jcbechet.com\/index.php?rest_route=%2Fwp%2Fv2%2Fmedia&parent=1380"}],"curies":[{"name":"wp","href":"https:\/\/api.w.org\/{rel}","templated":true}]}}