{"id":1134,"date":"2011-06-04T23:52:56","date_gmt":"2011-06-04T21:52:56","guid":{"rendered":"http:\/\/www.jcbechet.com\/?page_id=1134"},"modified":"2025-04-11T23:52:31","modified_gmt":"2025-04-11T21:52:31","slug":"expositions","status":"publish","type":"page","link":"https:\/\/www.jcbechet.com\/?page_id=1134","title":{"rendered":"Expositions depuis 2000"},"content":{"rendered":"<h4><span style=\"text-decoration: normal;\"><a href=\"http:\/\/www.jcbechet.com\/wp-content\/uploads\/2011\/06\/expo-jcb.jpg\"><img loading=\"lazy\" decoding=\"async\" class=\"aligncenter size-full wp-image-1403\" title=\"expo jcb\" src=\"http:\/\/www.jcbechet.com\/wp-content\/uploads\/2011\/06\/expo-jcb.jpg\" alt=\"\" width=\"950\" height=\"205\" srcset=\"https:\/\/www.jcbechet.com\/wp-content\/uploads\/2011\/06\/expo-jcb.jpg 950w, https:\/\/www.jcbechet.com\/wp-content\/uploads\/2011\/06\/expo-jcb-300x64.jpg 300w, https:\/\/www.jcbechet.com\/wp-content\/uploads\/2011\/06\/expo-jcb-4x1.jpg 4w, https:\/\/www.jcbechet.com\/wp-content\/uploads\/2011\/06\/expo-jcb-940x202.jpg 940w\" sizes=\"(max-width: 950px) 100vw, 950px\" \/><\/a><\/span><\/h4>\n<h4><strong>2025<\/strong><\/h4>\n<p>\u00ab African Memories \u00bb, Galerie ART-Z, Paris,\u2028 (mars \/ avril 2025 )<\/p>\n<h4><span style=\"text-decoration: underline;\"><strong><strong><strong><strong><strong><strong>2024<br \/>\n<\/strong><\/strong><\/strong><\/strong><\/strong><\/strong><\/span><\/h4>\n<p>\u00ab African Memories \u00bb, Galerie ART-Z, Arles,\u2028 (juillet \/ septembre 2024 )<br \/>\n\u00ab Annie Ernaux &amp; la Photographie \u00bb, MEP, Paris,\u2028 (f\u00e9vrier \/ mai 2024 )<br \/>\n\u00ab Paysages Int\u00e9rieurs \u00bb, Galerie des Photographes, Paris (Mars-Avril)<br \/>\n\u00ab Pr\u00e9sence animale \u00bb, Galerie des Photographes, Paris (Janvier \/ f\u00e9vrier)<\/p>\n<h4><strong>2023<br \/>\n<\/strong><\/h4>\n<p>\u00ab L\u2019\u00e9preuve de la Mati\u00e8re \u00bb, BNF Fran\u00e7ois Mitterrand, Paris,\u2028 (Octobre \/ F\u00e9vrier 2024 )<br \/>\n\u00ab Noir et Blanc : une esth\u00e9tique de la photographie\u00a0\u00bb, BNF Fran\u00e7ois Mitterrand, \u2028Paris, (octobre \/ F\u00e9vrier 2024 )<br \/>\n\u00ab Venise \u00bb, Marseille, Galerie du Pangolin (D\u00e9cembre)<br \/>\n\u00ab\u00a0Paysages habit\u00e9s\u00a0\u00bb, Paris, Salon de la Photo (5\/8 Octobre)<br \/>\n\u00ab\u00a0Paysages V\u00e9hiculaires\u00a0\u00bb, Galerie des Photographes, Paris (Mars-Avril)<br \/>\n\u00ab\u00a0Paysages habit\u00e9s\u00a0\u00bb, Fondation Auer, Hermance, Suisse (Mai-Aout)<br \/>\n\u00ab\u00a0Arles \u00e0 Bamako\u00a0\u00bb, Galerie Art-Z, Arles (Juillet-Ao\u00fbt)<\/p>\n<h4><strong>2022<br \/>\n<\/strong><\/h4>\n<p>\u00ab\u00a0Arles \u00e0 Bamako\u00a0\u00bb, Galerie Art-Z, Arles (Juillet-Ao\u00fbt)<br \/>\n\u00ab\u00a0Macadam Color\u00a0\u00bb, Galerie Fisheye, Arles (Juillet-Ao\u00fbt)<br \/>\n\u00ab\u00a0Showroom\u00a0\u00bb, Galerie des Photographes, Paris (Juin-Juillet)<br \/>\n\u00ab\u00a0Macadam Color\u00a0\u00bb, Galerie Fisheye, Paris (Juin)<br \/>\n\u00ab\u00a0Noir &amp; Blanc\u00a0\u00bb, Galerie des Photographes, Paris (Fevrier-Mars)<\/p>\n<h4><strong>2021 <\/strong><\/h4>\n<p>\u00ab\u00a0M\u00e9moire de l&rsquo;Instant\u00a0\u00bb, Galerie des Photographes, Paris (7 septembre &#8211; 2 0ctobre)<br \/>\n\u00ab\u00a0URSS 91\u00a0\u00bb, Galerie 36 Bastille, Paris (juin 2021)<br \/>\n\u00ab\u00a0Nos Paris\u00a0\u00bb, Galerie des Photographes, Paris (juin 2021)<br \/>\nde la Chaux de Fonds (Suisse). Jusqu&rsquo;au 15 d\u00e9cembre 2021<br \/>\n\u00ab\u00a0Backstage\u00a0\u00bb et \u00ab\u00a0Hommage \u00e0 Louis Guilloux\u00a0\u00bb, Photo Festival, Saint-Brieuc (juin-aout 2021)<br \/>\n\u00ab\u00a0Clocks and Clouds\u00a0\u00bb, exposition Transmission, au Mus\u00e9e International d&rsquo;Horlogerie<br \/>\nde la Chaux de Fonds (Suisse). Jusqu&rsquo;au 15 d\u00e9cembre 2021<\/p>\n<h4><span style=\"text-decoration: underline;\"><strong><strong><strong><strong><strong><strong>2020<\/strong><\/strong><\/strong><\/strong><\/strong><\/strong><\/span><\/h4>\n<p>\u00ab Noir et Blanc : une esth\u00e9tique de la photographie\u00a0\u00bb, galerie du Grand Palais,<br \/>\nParis (12 novembre 2020 au 4 janvier 2021)<br \/>\n\u00ab Gunung\u00bb, Festival du Regard, Cergy-Pontoise, (12 octobre-30 novembre)<br \/>\n\u00ab\u00a0La photographie \u00e0 l&rsquo;\u00e9preuve de l&rsquo;abstraction\u00a0\u00bb, Frac Normandie Rouen,<br \/>\n(du 11 septembre au 6 d\u00e9cembre 2020)<br \/>\n\u00ab\u00a0Arte-e-Fact\u00a0\u00bb, exposition au Pangolin, Marseille (16-31 octobre)<br \/>\n\u00ab Eureka USA\u00a0\u00bb\u00a0 :\u00a0 Galerie Leica, Marseille (Juillet-Septembre)<br \/>\n\u00ab Arles \u00e0 Paris\u00a0\u00bb\u00a0 :\u00a0 Galerie des Photographes, Paris 11<sup>\u00e8me<\/sup>, \u00a0(juillet-ao\u00fbt)<br \/>\n\u00abEuropean Puzzle\u00bb, Bilbao Arte, Espagne (6 fevrier-6 mars)<br \/>\n\u00abHabana Song\u00bb, St Brieuc, (18 janvier &#8211; 2 f\u00e9vrier)<\/p>\n<h4><span style=\"text-decoration: underline;\"><strong><strong><strong><strong><strong><strong>2019<\/strong><\/strong><\/strong><\/strong><\/strong><\/strong><\/span><\/h4>\n<p>\u00abEuropean Puzzle\u00bb, Faculte\u0301 des Beaux-Arts de Se\u0301ville (10-27 novembre)<br \/>\n\u00abEuropean Puzzle\u00bb,\u00a0La Passerelle, Sc\u00e8ne nationale de Gap (11 octobre-30 d\u00e9cembre)<br \/>\n\u00abDiscontinu\u00e9\u2026\u00bb, Artcurial, Paris (10 octobre-18 novembre)<br \/>\n\u00abEuropean Puzzle\u00bb, Institut Fran\u00e7ais de Saragosse, Espagne (25 septembre-19 octobre)<br \/>\n\u00abEuropean Puzzle\u00bb, Centro del Carme, Valencia, Espagne (10 juillet-31 ao\u00fbt)<br \/>\n\u00abEuropean Puzzle\u00bb, Institut Fran\u00e7ais de Madrid (28 mai-1er juillet)<br \/>\n\u00abEdificio Giron\u00bb, Festival du Regard, Cergy Pontoise (23 mai-14 juillet)<br \/>\n\u00ab Frenchtown \u00ab :\u00a0 Festival de l&rsquo;Oeil Urbain, Corbeil-Essonnes (6 avril &#8211; 19 Mai)<br \/>\n\u00ab\u00a0European Puzzle \u00ab :\u00a0 Institut Fran\u00e7ais de Stuttgart (28 Mars &#8211; 17 Mai)<br \/>\n\u00ab\u00a0European Puzzle \u00ab :\u00a0 Institut Culturel\u00a0Italien de Stuttgart (28 Mars &#8211; 25 Mai)<br \/>\n\u00ab\u00a0Eureka USA \u00bb, Galerie Leica, Paris (31 janvier &#8211; 5 avril)<\/p>\n<h4><span style=\"text-decoration: underline;\"><strong><strong><strong><strong><strong><strong>2018<\/strong><\/strong><\/strong><\/strong><\/strong><\/strong><\/span><\/h4>\n<p>\u00ab\u00a0European Puzzle \u00ab :\u00a0 Festival, Vendanges Tardives, Massy, (du 24 novembre au 21 d\u00e9cembre)<br \/>\n\u00ab Tokyo 7 \u00ab :\u00a0 Si\u00e8ge de Shiseido,\u00a0 (Paris, 12 rue d&rsquo;Aguesseau, du 1er octobre au 30 novembre)<br \/>\n\u00ab\u00a0European Puzzle \u00ab :\u00a0 Stimultania, Strasbourg\u00a0 (du 27 avril au 31 ao\u00fbt)<br \/>\n\u00ab USA-Orlando &#8211; This is not a map \u00ab :\u00a0\u00a0L\u2019Ascenseur V\u00e9g\u00e9tal, Bordeaux (du 1er au 29 avril )<br \/>\n\u00ab\u00a0European Puzzle \u00ab\u00a0 :\u00a0 12\u00e8mes Rencontres de la Photo de Lure (Haute-Sa\u00f4ne) (du 17 au 25 mars)<\/p>\n<h4><span style=\"text-decoration: underline;\"><strong><strong><strong><strong><strong><strong>2017<\/strong><\/strong><\/strong><\/strong><\/strong><\/strong><\/span><\/h4>\n<p>\u00a0\u00bb Paysages fran\u00e7ais : une aventure photographique 1984-2017&Prime; &#8211; BnF Fran\u00e7ois-Mitterrand, Paris XIII\u00e8me (du 24 octobre au 4 f\u00e9vrier)<br \/>\n\u00ab\u00a0Fnac\u00a0: une collection pour l\u2019exemple \/ Un regard sur le monde\u00a0\u00bb\u00a0 au Mus\u00e9e Nic\u00e9phore Ni\u00e8pce de Ch\u00e2lon (du 14 octobre au 14 janvier),<br \/>\n\u00ab Swiss Life \u00bb dans l&rsquo;exposition \u00ab\u00a0Plein cadre\u00a0\u00bb galerie du laboratoire Central-Dupon (du 12 au 27 octobre)<br \/>\n\u00ab\u00a0European Puzzle \u00ab\u00a0 17\u00e8mes Rencontres de la Photo de Chabeuil (du 9 au 17 septembre)<br \/>\n\u00ab\u00a0European Puzzle \/ Vintage \u00ab\u00a0 :\u00a0 Les Douches-La Galerie (Paris, 10 \u00e8me). Du 7 juin au 31 juillet.<br \/>\n\u00ab Tokyo 7\u2033\u00a0: Suisse, Altersresidenz B\u00e4renmatte, du 5 mai au 23 juin 2017 dans le cadre de Photo M\u00fcnsigen<br \/>\n\u00ab Italian Puzzle \u00bb : Tour St Aubin, Angers, du 2 au 28 Mai<br \/>\n\u00ab\u00a0Rencontres\u00a0\u00bb : Exposition collective, Marseille, Galerie Pangolin, du 28 Avril au 15 mai<br \/>\n\u00ab\u00a0European Puzzle \u00bb : Mois de la Photo Grand Paris. Maison de la Photographie Robert Doisneau \u2013<br \/>\nGentilly (94) . Du 16 mars au 29 avril<br \/>\n\u00ab\u00a0European Puzzle \u00bb : Grand Th\u00e9\u00e2tre d\u2019Angers, du 11 f\u00e9vrier au 4 avril<br \/>\n\u00ab\u00a010 \u00e8me Biennale Internationale Design, St Etienne\u00a0\u00bb :\u00a0 Exposition collective du 12 Mars au 02 Avril<br \/>\n\u00ab\u00a0Tokyo 7\u2033 : Cit\u00e9 du Temps, Gen\u00e8ve, Suisse, du 22 f\u00e9vrier au 02 avril 2017 (www.citedutemps.com)<\/p>\n<h4><span style=\"text-decoration: underline;\"><strong><strong><strong><strong><strong><strong>2016<\/strong><\/strong><\/strong><\/strong><\/strong><\/strong><\/span><\/h4>\n<p>\u00ab American Puzzle \u00bb, D\u00e9clics Ni\u00e7ois (06), Parc Pho\u00e9nix, du 6 d\u00e9cembre 2016 au 10 janvier 2017<br \/>\n\u00ab\u00a0La M\u00e9moire et la Mer\u00a0\u00bb, Port-de-Bouc (13), Rencontres d&rsquo;Arles, juillet-Septembre 2016<br \/>\n\u00ab\u00a0Tombouctou, peut-\u00eatre\u2026\u00a0\u00bb, Festival Photo de Mouans-Sartoux, Alpes Maritimes (Mai)<br \/>\n\u00ab\u00a0Orlando-This is not a Map\u00a0\u00bb, Superette, Paris (Janvier-F\u00e9vrier)<br \/>\n\u00ab\u00a0Marseille, Ville Natale\u00a0\u00bb et \u00ab\u00a0Gunung\u00a0\u00bb, 9\u00e8mes Rencontres Photographiques de la Ravoire (janvier)<\/p>\n<h4><span style=\"text-decoration: underline;\"><strong><strong><strong><strong><strong><strong>2015<\/strong><\/strong><\/strong><\/strong><\/strong><\/strong><\/span><\/h4>\n<p>\u00ab\u00a0Min\u00e9ral Altitude\u00a0\u00bb et \u00ab\u00a0Gunung\u00a0\u00bb, Librairie des Alpes, Paris, rue de Seine, (Novembre)<br \/>\n\u00ab\u00a0Tombouctou, peut-\u00eatre\u2026\u00a0\u00bb, \u00ab\u00a0Discontinu\u00e9\u00a0\u00bb, Galerie Soardi, Nice\u00a0 (Ao\u00fbt-Novembre)<br \/>\n\u00ab\u00a0Le chat des photographes\u00a0\u00bb, Maison Europ\u00e9enne de la photo, Paris (Juin-Ao\u00fbt)<br \/>\n\u00ab\u00a0Marseille, ville Natale\u00a0\u00bb, Images &amp; Villes, Galerie NegPos-Fotoloft, Nimes (Mai-Juin)<br \/>\n\u00a0\u00bb Marseille Cendrars\u00a0\u00bb, Club 44, La Chaux de fonds, Suisse (Janvier-F\u00e9vrier)<br \/>\n\u00a0\u00bb Hommage \u00e0 Sabine Weiss \u00ab\u00a0, Maison Europ\u00e9enne de la photo, Paris (janvier)<\/p>\n<h4><strong><span style=\"text-decoration: underline;\"><strong><strong>2014<\/strong><\/strong><\/span><\/strong><\/h4>\n<p><span class=\"Apple-style-span\" style=\"font-weight: normal;\">\u00ab Autoportraits \u00bb, Les Douches\/La Galerie, (Mois de la Photo) (6 dec-10 janvier)<br \/>\n\u00a0\u00bb Hommage \u00e0 Sabine Weiss \u00ab\u00a0, Salon de la photo, Paris (13-16 novembre)<br \/>\n\u00ab American Puzzle \u00bb, Lannion, Estival du Tr\u00e9gor, (juillet-Ao\u00fbt)<br \/>\n\u00ab Climats-L&rsquo;\u00eele Grise \u00bb, Bess\u00e8ges, (20\/30 septembre)<br \/>\n<\/span><span class=\"Apple-style-span\" style=\"font-weight: normal;\">\u00ab Himalaya\u00bb, Mont-Blanc Photo Festival, (Juillet-Aout)<br \/>\n<\/span><span class=\"Apple-style-span\" style=\"font-weight: normal;\">\u00ab American Puzzle \u00bb, Dax, festival, (1-31 Juillet)<br \/>\n<\/span><span class=\"Apple-style-span\" style=\"font-weight: normal;\">\u00ab Marseille, Ville Natale \u00bb, Oissery\u00a0 (12-27 Avril)<br \/>\n<\/span><span class=\"Apple-style-span\" style=\"font-weight: normal;\">\u00ab Mois de la photo \u00e0 Auxerre \u00bb, (5 Avril- 1er juin)<br \/>\n<\/span><span class=\"Apple-style-span\" style=\"font-weight: normal;\">\u00ab Accidents \u00bb, Les Douches\/La Galerie, Paris (10 \u00e8me) (15 janvier- 15 mars)<\/span><\/p>\n<h4><span style=\"text-decoration: underline;\"><strong><strong>2013<\/strong><\/strong><\/span><\/h4>\n<p>\u00ab\u00a0Kodak City\u00a0\u00bb, Images &amp; Villes, Galerie NegPos-Fotoloft, Nimes (1er d\u00e9cembre-31 janvier)<br \/>\n\u00ab\u00a0Hong Kong \/ Au coeur des villes\u00a0\u00bb, Hotel de Sauroy, Paris III\u00e9me (5\/14 d\u00e9cembre)<br \/>\n\u00ab\u00a0Marseille, Ville Natale\u00a0\u00bb, Institut Culturel Fran\u00e7ais de Belgrade, Serbie (26 septembre-8 novembre)<br \/>\n\u00ab\u00a0Paysages\u00a0\u00bb, St Benoit, 11\u00e8me Festival (11-12-13 Octobre)<br \/>\n\u00ab\u00a0Marseille, Ville Natale\u00a0\u00bb, Galerie Detaille, Marseille (19 juin-28 septembre)<br \/>\n\u00ab\u00a0Discontinu\u00e9\u2026\u00a0\u00bb, Metz, (25 juillet-7 septembre)<br \/>\n\u00ab\u00a0Marseille, Ville Natale\u00a0\u00bb, Fnac Marseille (19 juin-30 ao\u00fbt)<br \/>\n\u00ab\u00a0Discontinu\u00e9\u2026\u00a0\u00bb, Nancy, (14-30 juin)<br \/>\n\u00ab\u00a0American Puzzle\u00a0\u00bb, Salon Phocal, Allauch (4 avril-28 Avril)<br \/>\n\u00a0\u00bb Trajectoires Urbaines\u00a0\u00bb, Commanderie de Corbeil-Essonnes (22 Mars \/ 20 avril)<br \/>\n\u00ab\u00a0American Puzzle\u00a0\u00bb, Nuit de la photo, La Chaux-de-Fonds, Suisse (16 f\u00e9vrier)<\/p>\n<h4><span style=\"text-decoration: underline;\"><strong><strong>2012<\/strong><\/strong><\/span><\/h4>\n<p>\u00a0\u00bb France Nord\u00a0\u00bb, Quinzaine Photographique de Cholet (22 octobre \/ 3 Novembre)<br \/>\n\u00ab\u00a0G\u00e9om\u00e9trie\u00a0\u00bb, Toulouse, Jardin Raymond VI, Mus\u00e9e des Abattoirs, (7 Septembre \/ 27 octobre)<br \/>\n\u00ab\u00a0Accidents\u00a0\u00bb, Atelier des Forges, Rencontres d&rsquo;Arles 2012, (2 juillet-23 septembre)<br \/>\n\u00ab\u00a0American Puzzle, Part II\u00a0\u00bb, Galerie Photo4, Paris 5\u00e8me (8 Mars \/ 5 mai )<br \/>\n\u00a0\u00bb American Puzzle, Part I\u00a0\u00bb,\u00a0Les Douches La Galerie, Paris 10\u00e8me (2 f\u00e9vrier \/ 5 mai )<br \/>\n\u00a0\u00bb Le Parking \/Les espaces du quotidien\u00a0\u00bb Cambre d\u2019architecture,\u00a0Bruxelles, (15 mars -13 Mai)<\/p>\n<h4><span style=\"text-decoration: underline;\"><strong>2011<\/strong> <\/span><\/h4>\n<p>\u00a0\u00bb P\u00e9rim\u00e8tre- Tokyo Station\u00a0\u00bb, Arsenal-Mus\u00e9e des Arts Contemporains, Sofia, Bulgarie, Novembre<br \/>\n\u00a0\u00bb Chroniques d&rsquo;un \u00e9t\u00e9 : s\u00e9rie l&rsquo;ile Grise \u00ab\u00a0, Paris, H\u00f4tel de Sauroy, 75003, Novembre<br \/>\n\u00ab\u00a0La France vue par F14\u00a0\u00bb, Corbeil-Essonnes, Commanderie St-Jean, Octobre-Novembre.<br \/>\n\u00a0\u00bb Ad Massalia (Vers Marseille)\u00a0\u00bb, exposition collective, Espace Eperluette, Cavaillon, Octobre<br \/>\n\u00ab\u00a0France Nord- un road-movie \u00bb Lille, 10<sup>\u00e8me<\/sup> festival Transphoto, (Mai-Juin)<br \/>\n\u00ab\u00a0Tokyo Station\u00bb Fodar, Pleven, Bulgarie (Avril-Mai)<br \/>\n\u00ab\u00a0Climats\u00bb, \u00a0Galerie Creapolis, Le Havre (Mars-Avril)<br \/>\n\u00ab\u00a0Discontinu\u00e9\u2026\u00bb, \u00a0Galerie Photo4, Paris 5\u00e8me (Mars)<\/p>\n<h4><strong><span style=\"text-decoration: underline;\"><strong>2010<\/strong><\/span> <\/strong><\/h4>\n<p>\u00ab\u00a0La France vue par F14\u00a0\u00bb, Mois de la photo 2010, Paris, BNF Fran\u00e7ois Mitterrand, Octobre-Novembre. Publication d\u2019un catalogue<br \/>\n\u00ab\u00a0La France vue par F14\u00a0\u00bb, Rencontres d\u2019Arles 2010, Abbaye de Montmajour, juillet-septembre<br \/>\n\u00ab\u00a0Villes\u00a0\u00bb, \u00a0Mois de la photo d\u2019Auxerre (Avril-Mai)<br \/>\n\u00ab\u00a0Noir Vertical\u00a0\u00bb Galerie Photo4, Paris (Mars-Avril)<br \/>\n\u00ab\u00a0Tokyo Nights\u00bb, Galerie Negpos, Nimes<br \/>\nExposition collective avec la galerie Photo4 aux salons \u00ab\u00a0Cutlog\u00a0\u00bb et \u00ab\u00a0Photo Off\u00a0\u00bb<\/p>\n<h4><span style=\"text-decoration: underline;\"><strong>2009 <\/strong><\/span><\/h4>\n<p>\u00ab\u00a0Pol\/A\u00a0\u00bb, exposition collective de Polaroids, galerie Nivet-Carzon, Paris<\/p>\n<h4><span style=\"text-decoration: underline;\"><strong>2008<\/strong> <\/span><\/h4>\n<p>\u00ab Tokyo Station\u00a0\u00bb , lnstitut Fran\u00e7ais de Valence (Espagne),<br \/>\n\u00ab\u00a0Politiques Urbaines\u00bb , \u00e0 la Cambre d\u2019architecture, Bruxelles, Belgique<br \/>\n\u00ab\u00a0Tokyo Station\u00a0\u00bb , \u00e0 la Biennale Urbi &amp; Orbi de Sedan, France<\/p>\n<h4><span style=\"text-decoration: underline;\"><strong>2007<\/strong> <\/span><\/h4>\n<p>\u00ab\u00a0Vues n\u00b00\u00a0\u00bb\u00a0 et \u00ab\u00a0Tokyo Station\u00a0\u00bb , 20 \u00e8me semaine photo de Riedisheim (Mars)<\/p>\n<h4><span style=\"text-decoration: underline;\"><strong>2006<\/strong> <\/span><\/h4>\n<p>\u00ab\u00a0Tokyo Station\u00a0\u00bb, 40<sup>\u00e8me<\/sup> Salon Phocal, Allauch<br \/>\n\u00ab\u00a0Politiques urbaines\u00a0\u00bb, Rencontres d\u2019Arles (dans le cadre des choix de Raymond Depardon)<br \/>\n\u00ab\u00a0Vues n\u00b00\u00a0\u00bb Paris,\u00a0Mois de la Photo \u00a02006,\u00a0la Chambre Claire (5 novembre- 31 d\u00e9cembre)<\/p>\n<h4><span style=\"text-decoration: underline;\"><strong>2005<\/strong> <\/span><\/h4>\n<p>\u00ab\u00a0Tokyo Station\u00a0\u00bb \u00e0 la Fnac Montparnasse, 15 juin-15 octobre (puis dans les Fnac de Lille, Bordeaux, Marseille, Reims\u2026)<br \/>\n\u00ab\u00a0La collection photographique de la Fnac-Images entre histoire et po\u00e9sie\u00a0\u00bb \u00a0Bordeaux (8 juillet-2 octobre), puis sur les Grilles du Jardin du Luxembourg (Paris, 1<sup>er<\/sup> octobre \/ 30 novembre)<\/p>\n<h4><span style=\"text-decoration: underline;\"><strong>2004<\/strong><\/span><\/h4>\n<p>Mois de la photo, Paris. Expos\u00e9 \u00e0 la Conciergerie dans le cadre des 50 ans de la FNAC<\/p>\n<h4><span style=\"text-decoration: underline;\"><strong>2003<\/strong><\/span><\/h4>\n<p>\u00ab\u00a0Electric&rsquo;Cit\u00e9s\u00a0\u00bb,\u00a0 Espace Electra (Paris), 3-27 avril, <strong><span style=\"text-decoration: underline;\"><br \/>\n<\/span><span style=\"font-weight: normal;\">\u00ab\u00a0Electric&rsquo;Cit\u00e9s\u00a0\u00bb, exposition + audiovisuel au Festival Biarritz Terre d&rsquo;Images, 1\/11 mai<br \/>\n<\/span><\/strong><span style=\"font-weight: normal;\">\u00ab\u00a02\u2026<\/span><span style=\"font-weight: normal;\">3\u00a0\u00bb, Exposition collective,\u00a0Camera Obscura, Paris 14<sup>\u00e8me<\/sup>, Mai-juin<br \/>\n\u00ab\u00a0Electric&rsquo;Cit\u00e9s\u00a0\u00bb, Vandoeuvre-Les-Nancy, Centre Andr\u00e9 Malraux, 10 juin-11 juillet<\/span><\/p>\n<h4><span style=\"text-decoration: underline;\"><strong>2001<\/strong><\/span><\/h4>\n<p>\u00ab\u00a0Tous Europ\u00e9ens\u00a0\u00bb, Vandoeuvre-Les-Nancy, Centre Andr\u00e9 Malraux, 1er prix des Paysages Europ\u00e9ens 2001<\/p>\n<h4><span style=\"text-decoration: underline;\"><strong>2000<\/strong><\/span><\/h4>\n<p>\u00ab\u00a0PSQF, Paris Sans Quitter ma Fen\u00eatre\u00a0\u00bb,\u00a0Mois de la Photo, exposition collective, galerie Camera Obscura (Paris 14<sup>\u00e8me<\/sup>),<\/p>\n<p style=\"text-align: center;\"><span style=\"font-weight: bold;\">\u00a0<\/span><\/p>\n","protected":false},"excerpt":{"rendered":"<p>2025 \u00ab African Memories \u00bb, Galerie ART-Z, Paris,\u2028 (mars \/ avril 2025 ) 2024 \u00ab African Memories \u00bb, Galerie ART-Z, Arles,\u2028 (juillet \/ septembre 2024 ) \u00ab Annie Ernaux &amp; la Photographie \u00bb, MEP,&#46;&#46;&#46;<\/p>\n","protected":false},"author":1,"featured_media":0,"parent":0,"menu_order":0,"comment_status":"closed","ping_status":"closed","template":"","meta":{"footnotes":""},"class_list":["post-1134","page","type-page","status-publish","hentry"],"_links":{"self":[{"href":"https:\/\/www.jcbechet.com\/index.php?rest_route=\/wp\/v2\/pages\/1134"}],"collection":[{"href":"https:\/\/www.jcbechet.com\/index.php?rest_route=\/wp\/v2\/pages"}],"about":[{"href":"https:\/\/www.jcbechet.com\/index.php?rest_route=\/wp\/v2\/types\/page"}],"author":[{"embeddable":true,"href":"https:\/\/www.jcbechet.com\/index.php?rest_route=\/wp\/v2\/users\/1"}],"replies":[{"embeddable":true,"href":"https:\/\/www.jcbechet.com\/index.php?rest_route=%2Fwp%2Fv2%2Fcomments&post=1134"}],"version-history":[{"count":7,"href":"https:\/\/www.jcbechet.com\/index.php?rest_route=\/wp\/v2\/pages\/1134\/revisions"}],"predecessor-version":[{"id":6907,"href":"https:\/\/www.jcbechet.com\/index.php?rest_route=\/wp\/v2\/pages\/1134\/revisions\/6907"}],"wp:attachment":[{"href":"https:\/\/www.jcbechet.com\/index.php?rest_route=%2Fwp%2Fv2%2Fmedia&parent=1134"}],"curies":[{"name":"wp","href":"https:\/\/api.w.org\/{rel}","templated":true}]}}